{"id":1592,"date":"2023-02-09T21:28:37","date_gmt":"2023-02-09T20:28:37","guid":{"rendered":"https:\/\/clarachetan.com\/?post_type=product&#038;p=1592"},"modified":"2025-01-16T19:21:00","modified_gmt":"2025-01-16T18:21:00","slug":"romance-a-paris","status":"publish","type":"product","link":"https:\/\/clarachetan.com\/index.php\/produit\/romance-a-paris\/","title":{"rendered":"Romance \u00e0 Paris"},"content":{"rendered":"","protected":false},"excerpt":{"rendered":"","protected":false},"featured_media":1599,"template":"","meta":{"spay_email":""},"product_cat":[62],"product_tag":[],"class_list":["post-1592","product","type-product","status-publish","has-post-thumbnail","hentry","product_cat-montmartre-with-love","product_shipping_class-formats-moyens-a4"],"jetpack-related-posts":[{"id":2236,"url":"https:\/\/clarachetan.com\/index.php\/produit\/tennis-a-paris-jo\/","url_meta":{"origin":1592,"position":0},"title":"Tennis \u00e0 Paris, JO &#8211; limited edition","date":"21 ao\u00fbt 2024","format":false,"excerpt":"Illustration sign\u00e9e et num\u00e9rot\u00e9e \u00e0 100 exemplaires.","rel":"","context":"Article similaire","img":{"alt_text":"","src":"https:\/\/i0.wp.com\/clarachetan.com\/wp-content\/uploads\/2024\/08\/JO-visus-1_Plan-de-travail-1.jpg?fit=849%2C1200&ssl=1&resize=350%2C200","width":350,"height":200},"classes":[]},{"id":2307,"url":"https:\/\/clarachetan.com\/index.php\/produit\/angele\/","url_meta":{"origin":1592,"position":1},"title":"Ang\u00e8le &#8211; limited edition","date":"16 septembre 2024","format":false,"excerpt":"Illustration sign\u00e9e et num\u00e9rot\u00e9e \u00e0 100 exemplaires.","rel":"","context":"Article similaire","img":{"alt_text":"","src":"https:\/\/i0.wp.com\/clarachetan.com\/wp-content\/uploads\/2024\/09\/JO-ceremonie_Plan-de-travail-1-copie-2-1-scaled.jpg?fit=848%2C1200&ssl=1&resize=350%2C200","width":350,"height":200},"classes":[]},{"id":2317,"url":"https:\/\/clarachetan.com\/index.php\/produit\/celine\/","url_meta":{"origin":1592,"position":2},"title":"C\u00e9line &#8211; limited edition","date":"16 septembre 2024","format":false,"excerpt":"Illustration sign\u00e9e et num\u00e9rot\u00e9e \u00e0 100 exemplaires.","rel":"","context":"Article similaire","img":{"alt_text":"","src":"https:\/\/i0.wp.com\/clarachetan.com\/wp-content\/uploads\/2024\/09\/JO-ceremonie_Plan-de-travail-1-copie-3-1-scaled.jpg?fit=848%2C1200&ssl=1&resize=350%2C200","width":350,"height":200},"classes":[]},{"id":2268,"url":"https:\/\/clarachetan.com\/index.php\/produit\/la-seine-jo\/","url_meta":{"origin":1592,"position":3},"title":"La Seine, JO &#8211; limited edition","date":"21 ao\u00fbt 2024","format":false,"excerpt":"Illustration sign\u00e9e et num\u00e9rot\u00e9e \u00e0 100 exemplaires.","rel":"","context":"Article similaire","img":{"alt_text":"","src":"https:\/\/i0.wp.com\/clarachetan.com\/wp-content\/uploads\/2024\/08\/JO-visuelscc_Plan-de-travail-1-copie-scaled.jpg?fit=848%2C1200&ssl=1&resize=350%2C200","width":350,"height":200},"classes":[]},{"id":2277,"url":"https:\/\/clarachetan.com\/index.php\/produit\/versailles-jo\/","url_meta":{"origin":1592,"position":4},"title":"Versailles, JO &#8211; limited edition","date":"21 ao\u00fbt 2024","format":false,"excerpt":"Illustration sign\u00e9e et num\u00e9rot\u00e9e \u00e0 100 exemplaires.","rel":"","context":"Article similaire","img":{"alt_text":"","src":"https:\/\/i0.wp.com\/clarachetan.com\/wp-content\/uploads\/2024\/08\/JO-3-cc_Plan-de-travail-1-copie-4.jpg?fit=849%2C1200&ssl=1&resize=350%2C200","width":350,"height":200},"classes":[]},{"id":2299,"url":"https:\/\/clarachetan.com\/index.php\/produit\/zaho-de-sagazan\/","url_meta":{"origin":1592,"position":5},"title":"Zaho de Sagazan &#8211; limited edition","date":"16 septembre 2024","format":false,"excerpt":"Illustration sign\u00e9e et num\u00e9rot\u00e9e \u00e0 100 exemplaires.","rel":"","context":"Article similaire","img":{"alt_text":"","src":"https:\/\/i0.wp.com\/clarachetan.com\/wp-content\/uploads\/2024\/09\/JO-ceremonie_Plan-de-travail-1-copie-scaled.jpg?fit=848%2C1200&ssl=1&resize=350%2C200","width":350,"height":200},"classes":[]}],"_links":{"self":[{"href":"https:\/\/clarachetan.com\/index.php\/wp-json\/wp\/v2\/product\/1592","targetHints":{"allow":["GET"]}}],"collection":[{"href":"https:\/\/clarachetan.com\/index.php\/wp-json\/wp\/v2\/product"}],"about":[{"href":"https:\/\/clarachetan.com\/index.php\/wp-json\/wp\/v2\/types\/product"}],"wp:featuredmedia":[{"embeddable":true,"href":"https:\/\/clarachetan.com\/index.php\/wp-json\/wp\/v2\/media\/1599"}],"wp:attachment":[{"href":"https:\/\/clarachetan.com\/index.php\/wp-json\/wp\/v2\/media?parent=1592"}],"wp:term":[{"taxonomy":"product_cat","embeddable":true,"href":"https:\/\/clarachetan.com\/index.php\/wp-json\/wp\/v2\/product_cat?post=1592"},{"taxonomy":"product_tag","embeddable":true,"href":"https:\/\/clarachetan.com\/index.php\/wp-json\/wp\/v2\/product_tag?post=1592"}],"curies":[{"name":"wp","href":"https:\/\/api.w.org\/{rel}","templated":true}]}}