{"id":1477,"date":"2023-01-03T22:05:01","date_gmt":"2023-01-03T21:05:01","guid":{"rendered":"https:\/\/clarachetan.com\/?page_id=1477"},"modified":"2023-01-03T22:07:37","modified_gmt":"2023-01-03T21:07:37","slug":"affiche-pour-boulogne-billancourt","status":"publish","type":"page","link":"https:\/\/clarachetan.com\/index.php\/affiche-pour-boulogne-billancourt\/","title":{"rendered":"Affiche pour Boulogne-Billancourt"},"content":{"rendered":"\t\t<div data-elementor-type=\"wp-page\" data-elementor-id=\"1477\" class=\"elementor elementor-1477\">\n\t\t\t\t\t\t\t\t\t<section class=\"elementor-section elementor-top-section elementor-element elementor-element-83d92e2 elementor-section-boxed elementor-section-height-default elementor-section-height-default parallax_section_no qode_elementor_container_no\" data-id=\"83d92e2\" data-element_type=\"section\">\n\t\t\t\t\t\t<div class=\"elementor-container elementor-column-gap-default\">\n\t\t\t\t\t<div class=\"elementor-column elementor-col-100 elementor-top-column elementor-element elementor-element-8549947\" data-id=\"8549947\" data-element_type=\"column\" data-settings=\"{&quot;background_background&quot;:&quot;classic&quot;}\">\n\t\t\t<div class=\"elementor-widget-wrap elementor-element-populated\">\n\t\t\t\t\t\t\t\t<section class=\"elementor-section elementor-inner-section elementor-element elementor-element-f401c74 elementor-section-boxed elementor-section-height-default elementor-section-height-default parallax_section_no qode_elementor_container_no\" data-id=\"f401c74\" data-element_type=\"section\" data-settings=\"{&quot;background_background&quot;:&quot;classic&quot;}\">\n\t\t\t\t\t\t<div class=\"elementor-container elementor-column-gap-default\">\n\t\t\t\t\t<div class=\"elementor-column elementor-col-100 elementor-inner-column elementor-element elementor-element-3b14543\" data-id=\"3b14543\" data-element_type=\"column\" data-settings=\"{&quot;background_background&quot;:&quot;classic&quot;}\">\n\t\t\t<div class=\"elementor-widget-wrap elementor-element-populated\">\n\t\t\t\t\t\t\t\t<div class=\"elementor-element elementor-element-53b0a38 elementor-widget elementor-widget-heading\" data-id=\"53b0a38\" data-element_type=\"widget\" data-widget_type=\"heading.default\">\n\t\t\t\t<div class=\"elementor-widget-container\">\n\t\t\t<style>\/*! elementor - v3.7.8 - 02-10-2022 *\/\n.elementor-heading-title{padding:0;margin:0;line-height:1}.elementor-widget-heading .elementor-heading-title[class*=elementor-size-]>a{color:inherit;font-size:inherit;line-height:inherit}.elementor-widget-heading .elementor-heading-title.elementor-size-small{font-size:15px}.elementor-widget-heading .elementor-heading-title.elementor-size-medium{font-size:19px}.elementor-widget-heading .elementor-heading-title.elementor-size-large{font-size:29px}.elementor-widget-heading .elementor-heading-title.elementor-size-xl{font-size:39px}.elementor-widget-heading .elementor-heading-title.elementor-size-xxl{font-size:59px}<\/style><h1 class=\"elementor-heading-title elementor-size-default\">Boulogne aime ses Artistes\n<\/h1>\t\t<\/div>\n\t\t\t\t<\/div>\n\t\t\t\t<div class=\"elementor-element elementor-element-cff0fcb elementor-widget elementor-widget-text-editor\" data-id=\"cff0fcb\" data-element_type=\"widget\" data-widget_type=\"text-editor.default\">\n\t\t\t\t<div class=\"elementor-widget-container\">\n\t\t\t<style>\/*! elementor - v3.7.8 - 02-10-2022 *\/\n.elementor-widget-text-editor.elementor-drop-cap-view-stacked .elementor-drop-cap{background-color:#818a91;color:#fff}.elementor-widget-text-editor.elementor-drop-cap-view-framed .elementor-drop-cap{color:#818a91;border:3px solid;background-color:transparent}.elementor-widget-text-editor:not(.elementor-drop-cap-view-default) .elementor-drop-cap{margin-top:8px}.elementor-widget-text-editor:not(.elementor-drop-cap-view-default) .elementor-drop-cap-letter{width:1em;height:1em}.elementor-widget-text-editor .elementor-drop-cap{float:left;text-align:center;line-height:1;font-size:50px}.elementor-widget-text-editor .elementor-drop-cap-letter{display:inline-block}<\/style>\t\t\t\t<p>R\u00e9alisation d\u2019une affiche et d\u2019une\u00a0d\u00e9clinaison sur les r\u00e9seaux sociaux pour Boulogne-Billancourt.<\/p><p>Cette affiche s\u2019adresse aux artistes de Boulogne.<\/p>\t\t\t\t\t\t<\/div>\n\t\t\t\t<\/div>\n\t\t\t\t\t<\/div>\n\t\t<\/div>\n\t\t\t\t\t\t\t<\/div>\n\t\t<\/section>\n\t\t\t\t<div class=\"elementor-element elementor-element-6ee9443 elementor-widget elementor-widget-image\" data-id=\"6ee9443\" data-element_type=\"widget\" data-widget_type=\"image.default\">\n\t\t\t\t<div class=\"elementor-widget-container\">\n\t\t\t<style>\/*! elementor - v3.7.8 - 02-10-2022 *\/\n.elementor-widget-image{text-align:center}.elementor-widget-image a{display:inline-block}.elementor-widget-image a img[src$=\".svg\"]{width:48px}.elementor-widget-image img{vertical-align:middle;display:inline-block}<\/style>\t\t\t\t\t\t\t\t\t\t\t\t<img loading=\"lazy\" decoding=\"async\" width=\"2000\" height=\"1414\" src=\"https:\/\/i0.wp.com\/clarachetan.com\/wp-content\/uploads\/2023\/01\/Boulogne-affiche-1.jpg?fit=2000%2C1414&amp;ssl=1\" class=\"attachment-full size-full\" alt=\"\" srcset=\"https:\/\/i0.wp.com\/clarachetan.com\/wp-content\/uploads\/2023\/01\/Boulogne-affiche-1.jpg?w=2000&amp;ssl=1 2000w, https:\/\/i0.wp.com\/clarachetan.com\/wp-content\/uploads\/2023\/01\/Boulogne-affiche-1.jpg?resize=300%2C212&amp;ssl=1 300w, https:\/\/i0.wp.com\/clarachetan.com\/wp-content\/uploads\/2023\/01\/Boulogne-affiche-1.jpg?resize=1024%2C724&amp;ssl=1 1024w, https:\/\/i0.wp.com\/clarachetan.com\/wp-content\/uploads\/2023\/01\/Boulogne-affiche-1.jpg?resize=768%2C543&amp;ssl=1 768w, https:\/\/i0.wp.com\/clarachetan.com\/wp-content\/uploads\/2023\/01\/Boulogne-affiche-1.jpg?resize=1536%2C1086&amp;ssl=1 1536w, https:\/\/i0.wp.com\/clarachetan.com\/wp-content\/uploads\/2023\/01\/Boulogne-affiche-1.jpg?resize=700%2C495&amp;ssl=1 700w, https:\/\/i0.wp.com\/clarachetan.com\/wp-content\/uploads\/2023\/01\/Boulogne-affiche-1.jpg?resize=600%2C424&amp;ssl=1 600w\" sizes=\"auto, (max-width: 1060px) 100vw, 1060px\" \/>\t\t\t\t\t\t\t\t\t\t\t\t\t\t\t<\/div>\n\t\t\t\t<\/div>\n\t\t\t\t<div class=\"elementor-element elementor-element-2c46ae3 elementor-widget elementor-widget-image\" data-id=\"2c46ae3\" data-element_type=\"widget\" data-widget_type=\"image.default\">\n\t\t\t\t<div class=\"elementor-widget-container\">\n\t\t\t\t\t\t\t\t\t\t\t\t\t\t\t<img loading=\"lazy\" decoding=\"async\" width=\"2000\" height=\"1414\" src=\"https:\/\/i0.wp.com\/clarachetan.com\/wp-content\/uploads\/2023\/01\/Boulogne-affiche-2-1.jpg?fit=2000%2C1414&amp;ssl=1\" class=\"attachment-full size-full\" alt=\"\" srcset=\"https:\/\/i0.wp.com\/clarachetan.com\/wp-content\/uploads\/2023\/01\/Boulogne-affiche-2-1.jpg?w=2000&amp;ssl=1 2000w, https:\/\/i0.wp.com\/clarachetan.com\/wp-content\/uploads\/2023\/01\/Boulogne-affiche-2-1.jpg?resize=300%2C212&amp;ssl=1 300w, https:\/\/i0.wp.com\/clarachetan.com\/wp-content\/uploads\/2023\/01\/Boulogne-affiche-2-1.jpg?resize=1024%2C724&amp;ssl=1 1024w, https:\/\/i0.wp.com\/clarachetan.com\/wp-content\/uploads\/2023\/01\/Boulogne-affiche-2-1.jpg?resize=768%2C543&amp;ssl=1 768w, https:\/\/i0.wp.com\/clarachetan.com\/wp-content\/uploads\/2023\/01\/Boulogne-affiche-2-1.jpg?resize=1536%2C1086&amp;ssl=1 1536w, https:\/\/i0.wp.com\/clarachetan.com\/wp-content\/uploads\/2023\/01\/Boulogne-affiche-2-1.jpg?resize=700%2C495&amp;ssl=1 700w, https:\/\/i0.wp.com\/clarachetan.com\/wp-content\/uploads\/2023\/01\/Boulogne-affiche-2-1.jpg?resize=600%2C424&amp;ssl=1 600w\" sizes=\"auto, (max-width: 1060px) 100vw, 1060px\" \/>\t\t\t\t\t\t\t\t\t\t\t\t\t\t\t<\/div>\n\t\t\t\t<\/div>\n\t\t\t\t\t<\/div>\n\t\t<\/div>\n\t\t\t\t\t\t\t<\/div>\n\t\t<\/section>\n\t\t\t\t\t\t\t<\/div>\n\t\t","protected":false},"excerpt":{"rendered":"<p>Boulogne aime ses Artistes R\u00e9alisation d\u2019une affiche et d\u2019une\u00a0d\u00e9clinaison sur les r\u00e9seaux sociaux pour Boulogne-Billancourt. Cette affiche s\u2019adresse aux artistes de Boulogne.<\/p>\n","protected":false},"author":1,"featured_media":0,"parent":0,"menu_order":0,"comment_status":"closed","ping_status":"closed","template":"","meta":{"spay_email":"","footnotes":""},"class_list":["post-1477","page","type-page","status-publish","hentry"],"jetpack-related-posts":[{"id":1908,"url":"https:\/\/clarachetan.com\/index.php\/la-fete-des-vendanges-de-montmartre\/","url_meta":{"origin":1477,"position":0},"title":"La F\u00eate des Vendanges de Montmartre","date":"6 novembre 2023","format":false,"excerpt":"La F\u00eate des Vendanges de Montmartre Cr\u00e9ation de 2 affiches illustr\u00e9es pour les Vendanges de Montmartre. Organisation d\u2019un concours avec la ville de Paris sur leurs r\u00e9seaux sociaux.","rel":"","context":"Article similaire","img":{"alt_text":"","src":"https:\/\/i0.wp.com\/clarachetan.com\/wp-content\/uploads\/2023\/11\/collabs2-SITE-09-scaled.jpg?resize=350%2C200&ssl=1","width":350,"height":200},"classes":[]},{"id":833,"url":"https:\/\/clarachetan.com\/index.php\/a-propos\/","url_meta":{"origin":1477,"position":1},"title":"A propos","date":"12 novembre 2022","format":false,"excerpt":"\u00c0 propos Bonjour,Je suis illustratrice et directrice artistique entre Paris et Bordeaux.Mon univers pop, po\u00e9tique et color\u00e9 retranscrit les sc\u00e8nes de vie du quotidien avec beaucoup de joie et d'amour !\u00a0Toutes mes illustrations sont cr\u00e9es et imprim\u00e9es \u00e0 Paris, sur du papier d\u2019art. Certaines s\u00e9ries sont \u00e0 retrouver en \u00e9dition\u2026","rel":"","context":"Article similaire","img":{"alt_text":"","src":"","width":0,"height":0},"classes":[]},{"id":2627,"url":"https:\/\/clarachetan.com\/index.php\/elementor-2627\/","url_meta":{"origin":1477,"position":2},"title":"Elementor #2627","date":"11 juin 2025","format":false,"excerpt":"illustrations pour Vin de France : \"VDF C\u00e9pages week\" Cr\u00e9ation de 6 illustrations pour les r\u00e9seaux sociaux de Vin de France.","rel":"","context":"Article similaire","img":{"alt_text":"","src":"https:\/\/i0.wp.com\/clarachetan.com\/wp-content\/uploads\/2025\/06\/VDF-1b-1024x730.jpg?resize=350%2C200&ssl=1","width":350,"height":200},"classes":[]},{"id":2463,"url":"https:\/\/clarachetan.com\/index.php\/elementor-2463\/","url_meta":{"origin":1477,"position":3},"title":"Omnis","date":"19 janvier 2025","format":false,"excerpt":"Omnis, cartes de v\u0153ux Cartes de v\u0153ux 2025 illustr\u00e9es r\u00e9alis\u00e9es pour la soci\u00e9t\u00e9 Omnis.\u00a0","rel":"","context":"Article similaire","img":{"alt_text":"","src":"https:\/\/i0.wp.com\/clarachetan.com\/wp-content\/uploads\/2025\/01\/omnis-2b.jpg?resize=350%2C200&ssl=1","width":350,"height":200},"classes":[]},{"id":2437,"url":"https:\/\/clarachetan.com\/index.php\/wonderbox-2\/","url_meta":{"origin":1477,"position":4},"title":"Wonderbox","date":"19 janvier 2025","format":false,"excerpt":"Wonderbox, box illustr\u00e9s Cr\u00e9ation de box illustr\u00e9es pour Wonderbox.","rel":"","context":"Article similaire","img":{"alt_text":"","src":"https:\/\/i0.wp.com\/clarachetan.com\/wp-content\/uploads\/2025\/01\/wonderbox.jpg?resize=350%2C200&ssl=1","width":350,"height":200},"classes":[]},{"id":2592,"url":"https:\/\/clarachetan.com\/index.php\/touquet\/","url_meta":{"origin":1477,"position":5},"title":"Touquet","date":"1 mai 2025","format":false,"excerpt":"La Manufacture du Touquet, box illustr\u00e9es Cr\u00e9ation de box illustr\u00e9es pour La Manufacture du Touquet.","rel":"","context":"Article similaire","img":{"alt_text":"","src":"https:\/\/i0.wp.com\/clarachetan.com\/wp-content\/uploads\/2025\/05\/biscuits-letouquet.jpg?resize=350%2C200&ssl=1","width":350,"height":200},"classes":[]}],"_links":{"self":[{"href":"https:\/\/clarachetan.com\/index.php\/wp-json\/wp\/v2\/pages\/1477","targetHints":{"allow":["GET"]}}],"collection":[{"href":"https:\/\/clarachetan.com\/index.php\/wp-json\/wp\/v2\/pages"}],"about":[{"href":"https:\/\/clarachetan.com\/index.php\/wp-json\/wp\/v2\/types\/page"}],"author":[{"embeddable":true,"href":"https:\/\/clarachetan.com\/index.php\/wp-json\/wp\/v2\/users\/1"}],"replies":[{"embeddable":true,"href":"https:\/\/clarachetan.com\/index.php\/wp-json\/wp\/v2\/comments?post=1477"}],"version-history":[{"count":4,"href":"https:\/\/clarachetan.com\/index.php\/wp-json\/wp\/v2\/pages\/1477\/revisions"}],"predecessor-version":[{"id":1484,"href":"https:\/\/clarachetan.com\/index.php\/wp-json\/wp\/v2\/pages\/1477\/revisions\/1484"}],"wp:attachment":[{"href":"https:\/\/clarachetan.com\/index.php\/wp-json\/wp\/v2\/media?parent=1477"}],"curies":[{"name":"wp","href":"https:\/\/api.w.org\/{rel}","templated":true}]}}

<div data-elementor-type="wp-page" data-elementor-id="1477" class="elementor elementor-1477">
									<section class="elementor-section elementor-top-section elementor-element elementor-element-83d92e2 elementor-section-boxed elementor-section-height-default elementor-section-height-default parallax_section_no qode_elementor_container_no" data-id="83d92e2" data-element_type="section">
						<div class="elementor-container elementor-column-gap-default">
					<div class="elementor-column elementor-col-100 elementor-top-column elementor-element elementor-element-8549947" data-id="8549947" data-element_type="column" data-settings="{&quot;background_background&quot;:&quot;classic&quot;}">
			<div class="elementor-widget-wrap elementor-element-populated">
								<section class="elementor-section elementor-inner-section elementor-element elementor-element-f401c74 elementor-section-boxed elementor-section-height-default elementor-section-height-default parallax_section_no qode_elementor_container_no" data-id="f401c74" data-element_type="section" data-settings="{&quot;background_background&quot;:&quot;classic&quot;}">
						<div class="elementor-container elementor-column-gap-default">
					<div class="elementor-column elementor-col-100 elementor-inner-column elementor-element elementor-element-3b14543" data-id="3b14543" data-element_type="column" data-settings="{&quot;background_background&quot;:&quot;classic&quot;}">
			<div class="elementor-widget-wrap elementor-element-populated">
								<div class="elementor-element elementor-element-53b0a38 elementor-widget elementor-widget-heading" data-id="53b0a38" data-element_type="widget" data-widget_type="heading.default">
				<div class="elementor-widget-container">
			<style>/*! elementor - v3.7.8 - 02-10-2022 */
.elementor-heading-title{padding:0;margin:0;line-height:1}.elementor-widget-heading .elementor-heading-title[class*=elementor-size-]>a{color:inherit;font-size:inherit;line-height:inherit}.elementor-widget-heading .elementor-heading-title.elementor-size-small{font-size:15px}.elementor-widget-heading .elementor-heading-title.elementor-size-medium{font-size:19px}.elementor-widget-heading .elementor-heading-title.elementor-size-large{font-size:29px}.elementor-widget-heading .elementor-heading-title.elementor-size-xl{font-size:39px}.elementor-widget-heading .elementor-heading-title.elementor-size-xxl{font-size:59px}</style><h1 class="elementor-heading-title elementor-size-default">Boulogne aime ses Artistes
</h1>		</div>
				</div>
				<div class="elementor-element elementor-element-cff0fcb elementor-widget elementor-widget-text-editor" data-id="cff0fcb" data-element_type="widget" data-widget_type="text-editor.default">
				<div class="elementor-widget-container">
			<style>/*! elementor - v3.7.8 - 02-10-2022 */
.elementor-widget-text-editor.elementor-drop-cap-view-stacked .elementor-drop-cap{background-color:#818a91;color:#fff}.elementor-widget-text-editor.elementor-drop-cap-view-framed .elementor-drop-cap{color:#818a91;border:3px solid;background-color:transparent}.elementor-widget-text-editor:not(.elementor-drop-cap-view-default) .elementor-drop-cap{margin-top:8px}.elementor-widget-text-editor:not(.elementor-drop-cap-view-default) .elementor-drop-cap-letter{width:1em;height:1em}.elementor-widget-text-editor .elementor-drop-cap{float:left;text-align:center;line-height:1;font-size:50px}.elementor-widget-text-editor .elementor-drop-cap-letter{display:inline-block}</style>				<p>Réalisation d’une affiche et d’une déclinaison sur les réseaux sociaux pour Boulogne-Billancourt.</p><p>Cette affiche s’adresse aux artistes de Boulogne.</p>						</div>
				</div>
					</div>
		</div>
							</div>
		</section>
				<div class="elementor-element elementor-element-6ee9443 elementor-widget elementor-widget-image" data-id="6ee9443" data-element_type="widget" data-widget_type="image.default">
				<div class="elementor-widget-container">
			<style>/*! elementor - v3.7.8 - 02-10-2022 */
.elementor-widget-image{text-align:center}.elementor-widget-image a{display:inline-block}.elementor-widget-image a img[src$=".svg"]{width:48px}.elementor-widget-image img{vertical-align:middle;display:inline-block}</style>												<img loading="lazy" decoding="async" width="2000" height="1414" src="https://i0.wp.com/clarachetan.com/wp-content/uploads/2023/01/Boulogne-affiche-1.jpg?fit=2000%2C1414&amp;ssl=1" class="attachment-full size-full" alt="" srcset="https://i0.wp.com/clarachetan.com/wp-content/uploads/2023/01/Boulogne-affiche-1.jpg?w=2000&amp;ssl=1 2000w, https://i0.wp.com/clarachetan.com/wp-content/uploads/2023/01/Boulogne-affiche-1.jpg?resize=300%2C212&amp;ssl=1 300w, https://i0.wp.com/clarachetan.com/wp-content/uploads/2023/01/Boulogne-affiche-1.jpg?resize=1024%2C724&amp;ssl=1 1024w, https://i0.wp.com/clarachetan.com/wp-content/uploads/2023/01/Boulogne-affiche-1.jpg?resize=768%2C543&amp;ssl=1 768w, https://i0.wp.com/clarachetan.com/wp-content/uploads/2023/01/Boulogne-affiche-1.jpg?resize=1536%2C1086&amp;ssl=1 1536w, https://i0.wp.com/clarachetan.com/wp-content/uploads/2023/01/Boulogne-affiche-1.jpg?resize=700%2C495&amp;ssl=1 700w, https://i0.wp.com/clarachetan.com/wp-content/uploads/2023/01/Boulogne-affiche-1.jpg?resize=600%2C424&amp;ssl=1 600w" sizes="auto, (max-width: 1060px) 100vw, 1060px" />															</div>
				</div>
				<div class="elementor-element elementor-element-2c46ae3 elementor-widget elementor-widget-image" data-id="2c46ae3" data-element_type="widget" data-widget_type="image.default">
				<div class="elementor-widget-container">
															<img loading="lazy" decoding="async" width="2000" height="1414" src="https://i0.wp.com/clarachetan.com/wp-content/uploads/2023/01/Boulogne-affiche-2-1.jpg?fit=2000%2C1414&amp;ssl=1" class="attachment-full size-full" alt="" srcset="https://i0.wp.com/clarachetan.com/wp-content/uploads/2023/01/Boulogne-affiche-2-1.jpg?w=2000&amp;ssl=1 2000w, https://i0.wp.com/clarachetan.com/wp-content/uploads/2023/01/Boulogne-affiche-2-1.jpg?resize=300%2C212&amp;ssl=1 300w, https://i0.wp.com/clarachetan.com/wp-content/uploads/2023/01/Boulogne-affiche-2-1.jpg?resize=1024%2C724&amp;ssl=1 1024w, https://i0.wp.com/clarachetan.com/wp-content/uploads/2023/01/Boulogne-affiche-2-1.jpg?resize=768%2C543&amp;ssl=1 768w, https://i0.wp.com/clarachetan.com/wp-content/uploads/2023/01/Boulogne-affiche-2-1.jpg?resize=1536%2C1086&amp;ssl=1 1536w, https://i0.wp.com/clarachetan.com/wp-content/uploads/2023/01/Boulogne-affiche-2-1.jpg?resize=700%2C495&amp;ssl=1 700w, https://i0.wp.com/clarachetan.com/wp-content/uploads/2023/01/Boulogne-affiche-2-1.jpg?resize=600%2C424&amp;ssl=1 600w" sizes="auto, (max-width: 1060px) 100vw, 1060px" />															</div>
				</div>
					</div>
		</div>
							</div>
		</section>
							</div>

<p>Boulogne aime ses Artistes Réalisation d’une affiche et d’une déclinaison sur les réseaux sociaux pour Boulogne-Billancourt. Cette affiche s’adresse aux artistes de Boulogne.</p>

La Fête des Vendanges de Montmartre

La Fête des Vendanges de Montmartre Création de 2 affiches illustrées pour les Vendanges de Montmartre. Organisation d’un concours avec la ville de Paris sur leurs réseaux sociaux.

À propos Bonjour,Je suis illustratrice et directrice artistique entre Paris et Bordeaux.Mon univers pop, poétique et coloré retranscrit les scènes de vie du quotidien avec beaucoup de joie et d'amour ! Toutes mes illustrations sont crées et imprimées à Paris, sur du papier d’art. Certaines séries sont à retrouver en édition…

illustrations pour Vin de France : "VDF Cépages week" Création de 6 illustrations pour les réseaux sociaux de Vin de France.

Omnis, cartes de vœux Cartes de vœux 2025 illustrées réalisées pour la société Omnis.

Wonderbox, box illustrés Création de box illustrées pour Wonderbox.

La Manufacture du Touquet, box illustrées Création de box illustrées pour La Manufacture du Touquet.
