{"id":1334,"date":"2023-01-03T15:55:58","date_gmt":"2023-01-03T14:55:58","guid":{"rendered":"https:\/\/clarachetan.com\/?page_id=1334"},"modified":"2025-10-27T18:30:50","modified_gmt":"2025-10-27T17:30:50","slug":"adopt-parfums","status":"publish","type":"page","link":"https:\/\/clarachetan.com\/index.php\/adopt-parfums\/","title":{"rendered":"Adopt Parfums"},"content":{"rendered":"\t\t<div data-elementor-type=\"wp-page\" data-elementor-id=\"1334\" class=\"elementor elementor-1334\">\n\t\t\t\t\t\t\t\t\t<section class=\"elementor-section elementor-top-section elementor-element elementor-element-3c2dce5 elementor-section-boxed elementor-section-height-default elementor-section-height-default parallax_section_no qode_elementor_container_no\" data-id=\"3c2dce5\" data-element_type=\"section\">\n\t\t\t\t\t\t<div class=\"elementor-container elementor-column-gap-default\">\n\t\t\t\t\t<div class=\"elementor-column elementor-col-100 elementor-top-column elementor-element elementor-element-421a440\" data-id=\"421a440\" data-element_type=\"column\" data-settings=\"{&quot;background_background&quot;:&quot;classic&quot;}\">\n\t\t\t<div class=\"elementor-widget-wrap elementor-element-populated\">\n\t\t\t\t\t\t\t\t<section class=\"elementor-section elementor-inner-section elementor-element elementor-element-2534fd6 elementor-section-boxed elementor-section-height-default elementor-section-height-default parallax_section_no qode_elementor_container_no\" data-id=\"2534fd6\" data-element_type=\"section\" data-settings=\"{&quot;background_background&quot;:&quot;classic&quot;}\">\n\t\t\t\t\t\t<div class=\"elementor-container elementor-column-gap-default\">\n\t\t\t\t\t<div class=\"elementor-column elementor-col-100 elementor-inner-column elementor-element elementor-element-41e0817\" data-id=\"41e0817\" data-element_type=\"column\" data-settings=\"{&quot;background_background&quot;:&quot;classic&quot;}\">\n\t\t\t<div class=\"elementor-widget-wrap elementor-element-populated\">\n\t\t\t\t\t\t\t\t<div class=\"elementor-element elementor-element-cc13258 elementor-widget elementor-widget-heading\" data-id=\"cc13258\" data-element_type=\"widget\" data-widget_type=\"heading.default\">\n\t\t\t\t<div class=\"elementor-widget-container\">\n\t\t\t<style>\/*! elementor - v3.7.8 - 02-10-2022 *\/\n.elementor-heading-title{padding:0;margin:0;line-height:1}.elementor-widget-heading .elementor-heading-title[class*=elementor-size-]>a{color:inherit;font-size:inherit;line-height:inherit}.elementor-widget-heading .elementor-heading-title.elementor-size-small{font-size:15px}.elementor-widget-heading .elementor-heading-title.elementor-size-medium{font-size:19px}.elementor-widget-heading .elementor-heading-title.elementor-size-large{font-size:29px}.elementor-widget-heading .elementor-heading-title.elementor-size-xl{font-size:39px}.elementor-widget-heading .elementor-heading-title.elementor-size-xxl{font-size:59px}<\/style><h1 class=\"elementor-heading-title elementor-size-default\">Bougies \"D\u00e9lices de No\u00ebl\" : Adopt Parfums<\/h1>\t\t<\/div>\n\t\t\t\t<\/div>\n\t\t\t\t<div class=\"elementor-element elementor-element-dbfcc0f elementor-widget elementor-widget-text-editor\" data-id=\"dbfcc0f\" data-element_type=\"widget\" data-widget_type=\"text-editor.default\">\n\t\t\t\t<div class=\"elementor-widget-container\">\n\t\t\t<style>\/*! elementor - v3.7.8 - 02-10-2022 *\/\n.elementor-widget-text-editor.elementor-drop-cap-view-stacked .elementor-drop-cap{background-color:#818a91;color:#fff}.elementor-widget-text-editor.elementor-drop-cap-view-framed .elementor-drop-cap{color:#818a91;border:3px solid;background-color:transparent}.elementor-widget-text-editor:not(.elementor-drop-cap-view-default) .elementor-drop-cap{margin-top:8px}.elementor-widget-text-editor:not(.elementor-drop-cap-view-default) .elementor-drop-cap-letter{width:1em;height:1em}.elementor-widget-text-editor .elementor-drop-cap{float:left;text-align:center;line-height:1;font-size:50px}.elementor-widget-text-editor .elementor-drop-cap-letter{display:inline-block}<\/style>\t\t\t\t<p>Cr\u00e9ation de 3 illustrations pour les packagings de bougies de No\u00ebl Adopt Parfums.<br \/>Le th\u00e8me est gourmand, pop et sucr\u00e9 !<\/p>\t\t\t\t\t\t<\/div>\n\t\t\t\t<\/div>\n\t\t\t\t\t<\/div>\n\t\t<\/div>\n\t\t\t\t\t\t\t<\/div>\n\t\t<\/section>\n\t\t\t\t<div class=\"elementor-element elementor-element-07d2ce3 elementor-widget elementor-widget-image\" data-id=\"07d2ce3\" data-element_type=\"widget\" data-widget_type=\"image.default\">\n\t\t\t\t<div class=\"elementor-widget-container\">\n\t\t\t<style>\/*! elementor - v3.7.8 - 02-10-2022 *\/\n.elementor-widget-image{text-align:center}.elementor-widget-image a{display:inline-block}.elementor-widget-image a img[src$=\".svg\"]{width:48px}.elementor-widget-image img{vertical-align:middle;display:inline-block}<\/style>\t\t\t\t\t\t\t\t\t\t\t\t<img loading=\"lazy\" decoding=\"async\" width=\"1942\" height=\"1392\" src=\"https:\/\/i0.wp.com\/clarachetan.com\/wp-content\/uploads\/2025\/10\/bougies.jpg?fit=1942%2C1392&amp;ssl=1\" class=\"attachment-full size-full\" alt=\"\" srcset=\"https:\/\/i0.wp.com\/clarachetan.com\/wp-content\/uploads\/2025\/10\/bougies.jpg?w=1942&amp;ssl=1 1942w, https:\/\/i0.wp.com\/clarachetan.com\/wp-content\/uploads\/2025\/10\/bougies.jpg?resize=300%2C215&amp;ssl=1 300w, https:\/\/i0.wp.com\/clarachetan.com\/wp-content\/uploads\/2025\/10\/bougies.jpg?resize=1024%2C734&amp;ssl=1 1024w, https:\/\/i0.wp.com\/clarachetan.com\/wp-content\/uploads\/2025\/10\/bougies.jpg?resize=768%2C550&amp;ssl=1 768w, https:\/\/i0.wp.com\/clarachetan.com\/wp-content\/uploads\/2025\/10\/bougies.jpg?resize=1536%2C1101&amp;ssl=1 1536w, https:\/\/i0.wp.com\/clarachetan.com\/wp-content\/uploads\/2025\/10\/bougies.jpg?resize=700%2C502&amp;ssl=1 700w, https:\/\/i0.wp.com\/clarachetan.com\/wp-content\/uploads\/2025\/10\/bougies.jpg?resize=600%2C430&amp;ssl=1 600w\" sizes=\"auto, (max-width: 1060px) 100vw, 1060px\" \/>\t\t\t\t\t\t\t\t\t\t\t\t\t\t\t<\/div>\n\t\t\t\t<\/div>\n\t\t\t\t\t<\/div>\n\t\t<\/div>\n\t\t\t\t\t\t\t<\/div>\n\t\t<\/section>\n\t\t\t\t<section class=\"elementor-section elementor-top-section elementor-element elementor-element-4e655f9 elementor-section-boxed elementor-section-height-default elementor-section-height-default parallax_section_no qode_elementor_container_no\" data-id=\"4e655f9\" data-element_type=\"section\">\n\t\t\t\t\t\t<div class=\"elementor-container elementor-column-gap-default\">\n\t\t\t\t\t<div class=\"elementor-column elementor-col-100 elementor-top-column elementor-element elementor-element-a7bdb3a\" data-id=\"a7bdb3a\" data-element_type=\"column\">\n\t\t\t<div class=\"elementor-widget-wrap elementor-element-populated\">\n\t\t\t\t\t\t\t\t<div class=\"elementor-element elementor-element-25225ed elementor-widget elementor-widget-image\" data-id=\"25225ed\" data-element_type=\"widget\" data-widget_type=\"image.default\">\n\t\t\t\t<div class=\"elementor-widget-container\">\n\t\t\t\t\t\t\t\t\t\t\t\t\t\t\t<img loading=\"lazy\" decoding=\"async\" width=\"1942\" height=\"1392\" src=\"https:\/\/i0.wp.com\/clarachetan.com\/wp-content\/uploads\/2025\/10\/bougiesbb.jpg?fit=1942%2C1392&amp;ssl=1\" class=\"attachment-full size-full\" alt=\"\" srcset=\"https:\/\/i0.wp.com\/clarachetan.com\/wp-content\/uploads\/2025\/10\/bougiesbb.jpg?w=1942&amp;ssl=1 1942w, https:\/\/i0.wp.com\/clarachetan.com\/wp-content\/uploads\/2025\/10\/bougiesbb.jpg?resize=300%2C215&amp;ssl=1 300w, https:\/\/i0.wp.com\/clarachetan.com\/wp-content\/uploads\/2025\/10\/bougiesbb.jpg?resize=1024%2C734&amp;ssl=1 1024w, https:\/\/i0.wp.com\/clarachetan.com\/wp-content\/uploads\/2025\/10\/bougiesbb.jpg?resize=768%2C550&amp;ssl=1 768w, https:\/\/i0.wp.com\/clarachetan.com\/wp-content\/uploads\/2025\/10\/bougiesbb.jpg?resize=1536%2C1101&amp;ssl=1 1536w, https:\/\/i0.wp.com\/clarachetan.com\/wp-content\/uploads\/2025\/10\/bougiesbb.jpg?resize=700%2C502&amp;ssl=1 700w, https:\/\/i0.wp.com\/clarachetan.com\/wp-content\/uploads\/2025\/10\/bougiesbb.jpg?resize=600%2C430&amp;ssl=1 600w\" sizes=\"auto, (max-width: 1060px) 100vw, 1060px\" \/>\t\t\t\t\t\t\t\t\t\t\t\t\t\t\t<\/div>\n\t\t\t\t<\/div>\n\t\t\t\t<div class=\"elementor-element elementor-element-91f4e4e elementor-widget elementor-widget-image\" data-id=\"91f4e4e\" data-element_type=\"widget\" data-widget_type=\"image.default\">\n\t\t\t\t<div class=\"elementor-widget-container\">\n\t\t\t\t\t\t\t\t\t\t\t\t\t\t\t<img loading=\"lazy\" decoding=\"async\" width=\"1942\" height=\"1392\" src=\"https:\/\/i0.wp.com\/clarachetan.com\/wp-content\/uploads\/2025\/10\/bougies-adoptxcla.jpg?fit=1942%2C1392&amp;ssl=1\" class=\"attachment-full size-full\" alt=\"\" srcset=\"https:\/\/i0.wp.com\/clarachetan.com\/wp-content\/uploads\/2025\/10\/bougies-adoptxcla.jpg?w=1942&amp;ssl=1 1942w, https:\/\/i0.wp.com\/clarachetan.com\/wp-content\/uploads\/2025\/10\/bougies-adoptxcla.jpg?resize=300%2C215&amp;ssl=1 300w, https:\/\/i0.wp.com\/clarachetan.com\/wp-content\/uploads\/2025\/10\/bougies-adoptxcla.jpg?resize=1024%2C734&amp;ssl=1 1024w, https:\/\/i0.wp.com\/clarachetan.com\/wp-content\/uploads\/2025\/10\/bougies-adoptxcla.jpg?resize=768%2C550&amp;ssl=1 768w, https:\/\/i0.wp.com\/clarachetan.com\/wp-content\/uploads\/2025\/10\/bougies-adoptxcla.jpg?resize=1536%2C1101&amp;ssl=1 1536w, https:\/\/i0.wp.com\/clarachetan.com\/wp-content\/uploads\/2025\/10\/bougies-adoptxcla.jpg?resize=700%2C502&amp;ssl=1 700w, https:\/\/i0.wp.com\/clarachetan.com\/wp-content\/uploads\/2025\/10\/bougies-adoptxcla.jpg?resize=600%2C430&amp;ssl=1 600w\" sizes=\"auto, (max-width: 1060px) 100vw, 1060px\" \/>\t\t\t\t\t\t\t\t\t\t\t\t\t\t\t<\/div>\n\t\t\t\t<\/div>\n\t\t\t\t<div class=\"elementor-element elementor-element-d05eced elementor-widget elementor-widget-image\" data-id=\"d05eced\" data-element_type=\"widget\" data-widget_type=\"image.default\">\n\t\t\t\t<div class=\"elementor-widget-container\">\n\t\t\t\t\t\t\t\t\t\t\t\t\t\t\t<img loading=\"lazy\" decoding=\"async\" width=\"1942\" height=\"1392\" src=\"https:\/\/i0.wp.com\/clarachetan.com\/wp-content\/uploads\/2025\/10\/bougiesb3.jpg?fit=1942%2C1392&amp;ssl=1\" class=\"attachment-full size-full\" alt=\"\" srcset=\"https:\/\/i0.wp.com\/clarachetan.com\/wp-content\/uploads\/2025\/10\/bougiesb3.jpg?w=1942&amp;ssl=1 1942w, https:\/\/i0.wp.com\/clarachetan.com\/wp-content\/uploads\/2025\/10\/bougiesb3.jpg?resize=300%2C215&amp;ssl=1 300w, https:\/\/i0.wp.com\/clarachetan.com\/wp-content\/uploads\/2025\/10\/bougiesb3.jpg?resize=1024%2C734&amp;ssl=1 1024w, https:\/\/i0.wp.com\/clarachetan.com\/wp-content\/uploads\/2025\/10\/bougiesb3.jpg?resize=768%2C550&amp;ssl=1 768w, https:\/\/i0.wp.com\/clarachetan.com\/wp-content\/uploads\/2025\/10\/bougiesb3.jpg?resize=1536%2C1101&amp;ssl=1 1536w, https:\/\/i0.wp.com\/clarachetan.com\/wp-content\/uploads\/2025\/10\/bougiesb3.jpg?resize=700%2C502&amp;ssl=1 700w, https:\/\/i0.wp.com\/clarachetan.com\/wp-content\/uploads\/2025\/10\/bougiesb3.jpg?resize=600%2C430&amp;ssl=1 600w\" sizes=\"auto, (max-width: 1060px) 100vw, 1060px\" \/>\t\t\t\t\t\t\t\t\t\t\t\t\t\t\t<\/div>\n\t\t\t\t<\/div>\n\t\t\t\t<div class=\"elementor-element elementor-element-0f01f5a elementor-widget elementor-widget-image\" data-id=\"0f01f5a\" data-element_type=\"widget\" data-widget_type=\"image.default\">\n\t\t\t\t<div class=\"elementor-widget-container\">\n\t\t\t\t\t\t\t\t\t\t\t\t\t\t\t<img loading=\"lazy\" decoding=\"async\" width=\"1942\" height=\"1392\" src=\"https:\/\/i0.wp.com\/clarachetan.com\/wp-content\/uploads\/2025\/10\/bougiess.jpg?fit=1942%2C1392&amp;ssl=1\" class=\"attachment-full size-full\" alt=\"\" srcset=\"https:\/\/i0.wp.com\/clarachetan.com\/wp-content\/uploads\/2025\/10\/bougiess.jpg?w=1942&amp;ssl=1 1942w, https:\/\/i0.wp.com\/clarachetan.com\/wp-content\/uploads\/2025\/10\/bougiess.jpg?resize=300%2C215&amp;ssl=1 300w, https:\/\/i0.wp.com\/clarachetan.com\/wp-content\/uploads\/2025\/10\/bougiess.jpg?resize=1024%2C734&amp;ssl=1 1024w, https:\/\/i0.wp.com\/clarachetan.com\/wp-content\/uploads\/2025\/10\/bougiess.jpg?resize=768%2C550&amp;ssl=1 768w, https:\/\/i0.wp.com\/clarachetan.com\/wp-content\/uploads\/2025\/10\/bougiess.jpg?resize=1536%2C1101&amp;ssl=1 1536w, https:\/\/i0.wp.com\/clarachetan.com\/wp-content\/uploads\/2025\/10\/bougiess.jpg?resize=700%2C502&amp;ssl=1 700w, https:\/\/i0.wp.com\/clarachetan.com\/wp-content\/uploads\/2025\/10\/bougiess.jpg?resize=600%2C430&amp;ssl=1 600w\" sizes=\"auto, (max-width: 1060px) 100vw, 1060px\" \/>\t\t\t\t\t\t\t\t\t\t\t\t\t\t\t<\/div>\n\t\t\t\t<\/div>\n\t\t\t\t<div class=\"elementor-element elementor-element-737c0a1 elementor-widget elementor-widget-image\" data-id=\"737c0a1\" data-element_type=\"widget\" data-widget_type=\"image.default\">\n\t\t\t\t<div class=\"elementor-widget-container\">\n\t\t\t\t\t\t\t\t\t\t\t\t\t\t\t<img loading=\"lazy\" decoding=\"async\" width=\"1942\" height=\"1392\" src=\"https:\/\/i0.wp.com\/clarachetan.com\/wp-content\/uploads\/2025\/10\/bougiesnn.jpg?fit=1942%2C1392&amp;ssl=1\" class=\"attachment-full size-full\" alt=\"\" srcset=\"https:\/\/i0.wp.com\/clarachetan.com\/wp-content\/uploads\/2025\/10\/bougiesnn.jpg?w=1942&amp;ssl=1 1942w, https:\/\/i0.wp.com\/clarachetan.com\/wp-content\/uploads\/2025\/10\/bougiesnn.jpg?resize=300%2C215&amp;ssl=1 300w, https:\/\/i0.wp.com\/clarachetan.com\/wp-content\/uploads\/2025\/10\/bougiesnn.jpg?resize=1024%2C734&amp;ssl=1 1024w, https:\/\/i0.wp.com\/clarachetan.com\/wp-content\/uploads\/2025\/10\/bougiesnn.jpg?resize=768%2C550&amp;ssl=1 768w, https:\/\/i0.wp.com\/clarachetan.com\/wp-content\/uploads\/2025\/10\/bougiesnn.jpg?resize=1536%2C1101&amp;ssl=1 1536w, https:\/\/i0.wp.com\/clarachetan.com\/wp-content\/uploads\/2025\/10\/bougiesnn.jpg?resize=700%2C502&amp;ssl=1 700w, https:\/\/i0.wp.com\/clarachetan.com\/wp-content\/uploads\/2025\/10\/bougiesnn.jpg?resize=600%2C430&amp;ssl=1 600w\" sizes=\"auto, (max-width: 1060px) 100vw, 1060px\" \/>\t\t\t\t\t\t\t\t\t\t\t\t\t\t\t<\/div>\n\t\t\t\t<\/div>\n\t\t\t\t\t<\/div>\n\t\t<\/div>\n\t\t\t\t\t\t\t<\/div>\n\t\t<\/section>\n\t\t\t\t\t\t\t<\/div>\n\t\t","protected":false},"excerpt":{"rendered":"<p>Bougies \u00ab\u00a0D\u00e9lices de No\u00ebl\u00a0\u00bb : Adopt Parfums Cr\u00e9ation de 3 illustrations pour les packagings de bougies de No\u00ebl Adopt Parfums.Le th\u00e8me est gourmand, pop et sucr\u00e9 !<\/p>\n","protected":false},"author":1,"featured_media":0,"parent":0,"menu_order":0,"comment_status":"closed","ping_status":"closed","template":"","meta":{"spay_email":"","footnotes":""},"class_list":["post-1334","page","type-page","status-publish","hentry"],"jetpack-related-posts":[{"id":1470,"url":"https:\/\/clarachetan.com\/index.php\/carte-de-noel-pour-lassociation-aida\/","url_meta":{"origin":1334,"position":0},"title":"Carte de No\u00ebl pour l&rsquo;Association A\u00efda","date":"3 janvier 2023","format":false,"excerpt":"Carte de No\u00ebl, Association A\u00efda Pour le projet \u00abNo\u00ebl \u00e0 l\u2019H\u00f4pital\u00bb de l\u2019association A\u00efda, j\u2019ai r\u00e9alis\u00e9 des cartes illustr\u00e9es qui accompagnaient les cadeaux de chaque enfant. Un projet fort en \u00e9motions qui me tenait tr\u00e8s \u00e0 coeur.","rel":"","context":"Article similaire","img":{"alt_text":"","src":"https:\/\/i0.wp.com\/clarachetan.com\/wp-content\/uploads\/2023\/01\/associationaida-2.jpg?resize=350%2C200&ssl=1","width":350,"height":200},"classes":[]},{"id":1446,"url":"https:\/\/clarachetan.com\/index.php\/a-lombre-des-oliviers\/","url_meta":{"origin":1334,"position":1},"title":"A L&rsquo;Ombre des Oliviers","date":"3 janvier 2023","format":false,"excerpt":"A l'Ombre des Oliviers R\u00e9alisation d\u2019illustrations pour la nouvelle bougie de l'agence Garance Creative.\u00a0credits photos : Garance Creative et Maeva Delacroix photographie","rel":"","context":"Article similaire","img":{"alt_text":"","src":"https:\/\/i0.wp.com\/clarachetan.com\/wp-content\/uploads\/2023\/01\/BOUGIE-GARANCE-4.jpg?resize=350%2C200&ssl=1","width":350,"height":200},"classes":[]},{"id":2627,"url":"https:\/\/clarachetan.com\/index.php\/elementor-2627\/","url_meta":{"origin":1334,"position":2},"title":"Elementor #2627","date":"11 juin 2025","format":false,"excerpt":"illustrations pour Vin de France : \"VDF C\u00e9pages week\" Cr\u00e9ation de 6 illustrations pour les r\u00e9seaux sociaux de Vin de France.","rel":"","context":"Article similaire","img":{"alt_text":"","src":"https:\/\/i0.wp.com\/clarachetan.com\/wp-content\/uploads\/2025\/06\/VDF-1b-1024x730.jpg?resize=350%2C200&ssl=1","width":350,"height":200},"classes":[]},{"id":2463,"url":"https:\/\/clarachetan.com\/index.php\/elementor-2463\/","url_meta":{"origin":1334,"position":3},"title":"Omnis","date":"19 janvier 2025","format":false,"excerpt":"Omnis, cartes de v\u0153ux Cartes de v\u0153ux 2025 illustr\u00e9es r\u00e9alis\u00e9es pour la soci\u00e9t\u00e9 Omnis.\u00a0","rel":"","context":"Article similaire","img":{"alt_text":"","src":"https:\/\/i0.wp.com\/clarachetan.com\/wp-content\/uploads\/2025\/01\/omnis-2b.jpg?resize=350%2C200&ssl=1","width":350,"height":200},"classes":[]},{"id":2449,"url":"https:\/\/clarachetan.com\/index.php\/elementor-2449\/","url_meta":{"origin":1334,"position":4},"title":"Fresque illustr\u00e9e H\u00f4tel Renaissance","date":"19 janvier 2025","format":false,"excerpt":"Fresque illustr\u00e9e \u00e0 l'H\u00f4tel Renaissance, Paris Cr\u00e9ation d'une fresque illustr\u00e9e pour la p\u00e9riode des f\u00eates de No\u00ebl au sein de l'H\u00f4tel Renaissance Paris. Illustrations r\u00e9alis\u00e9es au posca \u00e0 la main sur la porte d'entr\u00e9e ainsi que sur 7 vitres \u00e0 l'int\u00e9rieur du lieu.","rel":"","context":"Article similaire","img":{"alt_text":"","src":"https:\/\/i0.wp.com\/clarachetan.com\/wp-content\/uploads\/2025\/01\/fresque-4.jpg?resize=350%2C200&ssl=1","width":350,"height":200},"classes":[]},{"id":2437,"url":"https:\/\/clarachetan.com\/index.php\/wonderbox-2\/","url_meta":{"origin":1334,"position":5},"title":"Wonderbox","date":"19 janvier 2025","format":false,"excerpt":"Wonderbox, box illustr\u00e9s Cr\u00e9ation de box illustr\u00e9es pour Wonderbox.","rel":"","context":"Article similaire","img":{"alt_text":"","src":"https:\/\/i0.wp.com\/clarachetan.com\/wp-content\/uploads\/2025\/01\/wonderbox.jpg?resize=350%2C200&ssl=1","width":350,"height":200},"classes":[]}],"_links":{"self":[{"href":"https:\/\/clarachetan.com\/index.php\/wp-json\/wp\/v2\/pages\/1334","targetHints":{"allow":["GET"]}}],"collection":[{"href":"https:\/\/clarachetan.com\/index.php\/wp-json\/wp\/v2\/pages"}],"about":[{"href":"https:\/\/clarachetan.com\/index.php\/wp-json\/wp\/v2\/types\/page"}],"author":[{"embeddable":true,"href":"https:\/\/clarachetan.com\/index.php\/wp-json\/wp\/v2\/users\/1"}],"replies":[{"embeddable":true,"href":"https:\/\/clarachetan.com\/index.php\/wp-json\/wp\/v2\/comments?post=1334"}],"version-history":[{"count":17,"href":"https:\/\/clarachetan.com\/index.php\/wp-json\/wp\/v2\/pages\/1334\/revisions"}],"predecessor-version":[{"id":2883,"href":"https:\/\/clarachetan.com\/index.php\/wp-json\/wp\/v2\/pages\/1334\/revisions\/2883"}],"wp:attachment":[{"href":"https:\/\/clarachetan.com\/index.php\/wp-json\/wp\/v2\/media?parent=1334"}],"curies":[{"name":"wp","href":"https:\/\/api.w.org\/{rel}","templated":true}]}}